 of v and d.
1
Let f = -2 - -30. Calculate the greatest common factor of 112 and f.
28
Suppose o = 2*u, -3*o + 2*o = 5*u. Let i = -12 - -18. Suppose o = -3*p + i. What is the greatest common divisor of p and 10?
2
Suppose -3*h + 4*h - 5 = 0. Suppose -h*i = -i - 864. Suppose 0 = 3*a - 2*u - 216, 0 = -3*a - 5*u + 3*u + i. What is the greatest common factor of 8 and a?
8
Let s(m) = 6*m**2 - 5*m + 4. Let j be s(2). What is the highest common factor of 81 and j?
9
Let b be 3 - ((-568)/1)/2. Suppose -6*o + 3*v = -o - 689, 5*v + b = 2*o. Calculate the greatest common factor of o and 17.
17
Suppose -16 - 4 = -4*h. What is the highest common divisor of 20 and h?
5
Let y(f) = 3*f + 1. Let c(i) = 5*i**3 - i + 1. Let j be c(1). Let h be y(j). What is the highest common factor of h and 144?
16
Let p(y) = y + 1. Let h be (-2)/((-3)/(-54)*-4). Let f be p(h). What is the highest common factor of 25 and f?
5
Let i(j) = -j**3 - 11*j**2 + j + 2. Let g be i(-11). Let x be (-1)/(-9) + (-539)/g. What is the highest common divisor of x and 12?
12
Suppose 0 = 5*y + 2*o + 2*o - 133, -5*y - 5*o + 130 = 0. What is the greatest common divisor of y and 29?
29
Let h(q) = -q**3 - 2*q**2 + 4*q + 1. Let n be h(-3). Let d(k) = 4*k**2 + k - 2. Let c be d(n). Calculate the greatest common factor of 8 and c.
4
Suppose 0 = -2*i - i + 45. Let p = i + -9. Let j be 1*(-1 + 4)*4. Calculate the greatest common divisor of p and j.
6
Let c(p) = p**2 + 8*p + 8. Let y be c(-7). Let f(w) = w**2 - 6*w**2 + 3 - 4*w - w**3 - y. Let k be f(-4). What is the highest common factor of 22 and k?
2
Let r = 45 - -15. Calculate the greatest common divisor of r and 90.
30
Let k = 46 - -23. What is the greatest common divisor of 23 and k?
23
Let y = -29 - -159. What is the highest common divisor of y and 10?
10
Suppose 3*h = -4*a - 39, -2*a + h - 30 = -h. Let u = a - -30. Calculate the greatest common factor of 6 and u.
6
Let z(k) = -17*k - 1. Let u(d) = d**3 + 5*d**2 + 4*d + 5. Let t be u(-4). Let w = t + -8. Let n be z(w). What is the highest common divisor of n and 10?
10
Let n be 3/(-27) + 1226/18. What is the highest common divisor of n and 4?
4
Let o = -41 + 49. What is the highest common factor of 20 and o?
4
Let b(l) be the second derivative of 29*l**4/12 + l**3/3 - 3*l**2/2 + 5*l. Let x be b(2). What is the highest common divisor of 13 and x?
13
Suppose 5*w = -i - 77, -w - i - 2 = 15. Let v be 2/5 + (-69)/w. Let z = -85 - -125. Calculate the greatest common factor of z and v.
5
Suppose -11*y + y + 4400 = 0. What is the highest common divisor of 40 and y?
40
Suppose 3 = 2*l + 9, -5*x + 2*l - 34 = 0. Let b(q) = q**2 - 7*q - 8. Let m be b(x). What is the greatest common divisor of m and 16?
16
Let i(y) = 2*y**2 + 10*y + 8. Let h be i(-7). Let l(k) = 8*k**3 + k**2 - k + 1. Let u be l(1). What is the greatest common factor of h and u?
9
Let m = 2 - 5. Suppose -4*u - 108 = -8*u. Let t be 1 + (-3 - m) + u. Calculate the greatest common divisor of 4 and t.
4
Suppose s - 10 - 4 = 0. Let n = 2 + -7. Let y = s + n. What is the highest common divisor of y and 81?
9
Suppose -3*h - 5*o + 6 = -0*h, 2*h = -5*o + 4. Suppose -31 = h*m - 3. Let a be -3 - m - -1*1. What is the greatest common divisor of 60 and a?
12
Let w = 251 + -167. What is the greatest common factor of w and 12?
12
Let u(h) = -h**3 + 7*h**2 + 4*h - 13. Let z be u(7). What is the greatest common factor of z and 45?
15
Let y = 34 - -2. Suppose -y = -0*b + 4*b. Let u = b + 10. Calculate the greatest common factor of 9 and u.
1
Suppose -m = -3*m - 792. Let t be (-16)/6*m/8. Calculate the greatest common factor of t and 12.
12
Suppose -6*x + x - o = -524, -205 = -2*x - 5*o. Suppose f - 50 = 6*f. Let b(m) = m**2 + 9*m + 5. Let c be b(f). What is the greatest common factor of x and c?
15
Let h = 43 + -25. Calculate the highest common divisor of h and 2.
2
Let v be (-2)/(3 + 2/(-2)). Let k = 4 - v. Calculate the highest common divisor of 1 and k.
1
Let k = -13 - -18. Let u be (28/5)/(2/k). What is the highest common divisor of u and 154?
14
Let d(t) = t**3 - 7*t**2 - 8*t + 9. Let s be d(8). Suppose v + s = z, -4*v + 0*z - z = 41. Let i = v + 25. Calculate the greatest common factor of i and 135.
15
Let h be (-58)/(0 - 0 - 2). Let l be (4/5)/(2/10). Let z = h + l. Calculate the highest common factor of z and 11.
11
Let b(m) = 20*m + 1. Let x be b(1). Let w = 1 + x. Let t = w + -16. Calculate the greatest common factor of 42 and t.
6
Let j(p) = 3*p - 3. Let z = -5 + 9. Let u be j(z). Calculate the highest common factor of u and 6.
3
Let l(h) = -h**2 + 6*h - 2. Let x be l(5). Let n be ((-9)/(-2))/1*6. What is the greatest common divisor of n and x?
3
Let r(y) = 106*y + 4. Let v be r(4). Suppose -4*l - i = -v, -2*l + i + 2*i + 228 = 0. Let c be (6*-4)/(8/(-4)). Calculate the highest common factor of c and l.
12
Suppose -51 = -3*k + 12. Suppose -h = -t + 2*h - 10, 0 = -5*h + 25. Suppose t*i = 454 + 386. What is the greatest common factor of i and k?
21
Let o(p) = p**2 - 15*p + 2. Let a be o(15). What is the highest common factor of a and 8?
2
Let y(x) = 2*x**3 - 2*x**2 - 2*x. Let v be y(2). Suppose 4*k + 3*d - 73 = 75, 5*k - 184 = -v*d. What is the greatest common factor of k and 8?
8
Let n be -2 + (16/6 - 3/(-9)). What is the greatest common factor of 2 and n?
1
Let k be ((-4)/(-10))/((-8)/(-120)). Let x be (k/(-12))/((-1)/2). Calculate the greatest common divisor of 9 and x.
1
Suppose -3*u + 4*u = 0. Let d be -1*(0 + 5)*-1. Suppose -2*b + 0*b - 101 = -3*s, -d*s - b + 164 = u. Calculate the highest common factor of 3 and s.
3
Suppose 3*i - 3*l = -l + 23, 5*i - 2*l - 41 = 0. What is the greatest common factor of i and 99?
9
Suppose 6 = -2*b + 5*j + 2, 3*j - 3 = b. Suppose b*p = -i + 4*i - 132, -3*i + 171 = -4*p. Let o = p + 69. Calculate the highest common divisor of 45 and o.
15
Let j be (-5)/3 + (-3)/9. Let n be 20/(-15)*3/j. Let w(t) = -5*t + 2. Let p be w(-4). What is the highest common factor of n and p?
2
Let k be (-8 - -9) + (1 - -9). Suppose 2*a = -v + 6*a + 85, 146 = 2*v + 4*a. What is the greatest common divisor of v and k?
11
Let r(a) = -3*a - 3. Let p be r(3). Let k = 10 - p. Let b = -12 + k. What is the greatest common divisor of b and 90?
10
Suppose 0 = -4*m + 111 - 15. What is the greatest common factor of 56 and m?
8
Let a = 2 - 0. Suppose a*w - 5 = -1. Suppose -10 = -3*o + w. What is the greatest common factor of o and 16?
4
Let b(v) = -8*v - 2. Let h be b(-2). Suppose 4*s - 2*s = 4. What is the highest common divisor of s and h?
2
Let f be ((-10)/20)/(2/(-48)). Suppose f = -5*l + 42. Calculate the greatest common divisor of l and 6.
6
Let r be 4/3*18/(-4). Let m be ((-8)/(-10))/(r/45). Let d be (-37)/(-1) + (m - -5). What is the greatest common divisor of 24 and d?
12
Let l = 13 - 8. Suppose -68 = -5*s - 4*t + 24, -l*t + 70 = 4*s. Calculate the highest common factor of s and 20.
20
Suppose -26 = -2*q - q + 4*h, h = -4*q + 22. Calculate the greatest common divisor of 30 and q.
6
Suppose 960 = 12*a - 1536. What is the greatest common factor of 26 and a?
26
Let s = 20 + -12. What is the greatest common factor of s and 16?
8
Suppose 0 = -5*c + 9*c - 8. Calculate the highest common divisor of 14 and c.
2
Let y(x) = x**3 - 6*x**2 - 3*x - 10. Let k be y(7). What is the greatest common divisor of k and 6?
6
Let b be 4/3 - (-4)/6. Suppose -40 = -b*k + 26. Calculate the greatest common factor of k and 22.
11
Let h be (-2)/(-8) - 54/(-8). Calculate the greatest common factor of 14 and h.
7
Let m = 2 - 1. Let h = 17 + -8. What is the greatest common divisor of m and h?
1
Let k(a) = -a - 6. Let q be k(6). Let c be ((-45)/q)/(1/8). What is the greatest common divisor of 10 and c?
10
Let h = 65 + -41. Calculate the greatest common factor of 3 and h.
3
Suppose 4*u = 9*u - 525. What is the highest common factor of 21 and u?
21
Let a = -17 - -12. Let h(l) = -l + 6. Let b be h(a). Let g = 178 - 123. Calculate the highest common divisor of g and b.
11
Suppose 5*q - 50 - 5 = 0. Let r(k) = k**2 - 3*k + 1. Let d be r(5). Calculate the greatest common divisor of d and q.
11
Suppose -124*a - 42 = -127*a. Let u = 32 - 11. What is the highest common factor of a and u?
7
Suppose -7 = -2*c + 5. Let v be 0*-3*(-1)/c. Suppose -3*n + 267 - 57 = v. What is the highes